{"id":2852,"date":"2025-01-10T07:29:44","date_gmt":"2025-01-10T06:29:44","guid":{"rendered":"https:\/\/makowskimarcin.com\/?page_id=2852"},"modified":"2025-01-10T10:27:29","modified_gmt":"2025-01-10T09:27:29","slug":"kredyty-firmowe","status":"publish","type":"page","link":"https:\/\/makowskimarcin.com\/index.php\/kredyty-firmowe\/","title":{"rendered":"Kredyty firmowe"},"content":{"rendered":"\t\t<div data-elementor-type=\"wp-page\" data-elementor-id=\"2852\" class=\"elementor elementor-2852\">\n\t\t\t\t<div class=\"elementor-element elementor-element-bd1befe e-con-full e-flex e-con e-parent\" data-id=\"bd1befe\" data-element_type=\"container\">\n\t\t\t\t<div class=\"elementor-element elementor-element-3ead163 elementor-widget elementor-widget-about_progress_bar\" data-id=\"3ead163\" data-element_type=\"widget\" data-widget_type=\"about_progress_bar.default\">\n\t\t\t\t<div class=\"elementor-widget-container\">\n\t\t\t\t\t\r\n\r\n\t <script>\r\n jQuery(document).ready(function($) {\r\n\r\n\/\/write js code under this line \r\n\r\n\r\n\r\n\/\/write code above the line \r\n\r\n  });\r\n<\/script>\r\n\r\n <!-- About us area start --> \r\n <section class=\"about-three-section section-space-top p-relative\">\r\n   <div class=\"bg-shape\" data-background=\"\"><\/div>\r\n   <div class=\"small-container\">\r\n      <div class=\"row\">\r\n         <div class=\"col-xxl-6 col-xl-6 col-lg-6\">\r\n            <div class=\"about-3-image-area p-relative\">\r\n               <div class=\"shape-1\" data-background=\"\"><\/div>\r\n               <figure class=\"image w-img pr-60\">\r\n\t\t\t      \r\n\t\t\t\t\t<img decoding=\"async\" src=\"https:\/\/makowskimarcin.com\/wp-content\/uploads\/2025\/01\/kredyty-firmowe-wrzesnia1.jpg\" alt=\"\"\/>\r\n\t\t\t\t               <\/figure>\r\n            <\/div>\r\n         <\/div>\r\n         <div class=\"col-xxl-6 col-xl-6 col-lg-6\">\r\n            <div class=\"about-3-content-area p-relative pr-30 pt-20\">\r\n               <div class=\"title-box wow fadeInLeft mb-25\" data-wow-delay=\".5s\">\r\n                  <span class=\"section-sub-title no-border\">Us\u0142ugi<\/span>\r\n                  <h3 class=\"section-title mt-10\">Kredyty<\/h3>\r\n               <\/div>\r\n               <p><h4>Kredyty firmowe<\/h4>\nFinansowanie Twojego biznesu \u2013 klucz do sukcesu!<br>\nKredyty firmowe s\u0105 niezb\u0119dnym wsparciem dla przedsi\u0119biorstw, kt\u00f3re planuj\u0105 rozw\u00f3j, inwestycje lub potrzebuj\u0105 \u015brodk\u00f3w na bie\u017c\u0105c\u0105 dzia\u0142alno\u015b\u0107. Nasza oferta obejmuje zar\u00f3wno kredyty obrotowe, jak i inwestycyjne, dostosowane do indywidualnych potrzeb Twojej firmy.<br><br>\n\nDlaczego warto wybra\u0107 nasze kredyty firmowe?<br>\nAtrakcyjne warunki finansowania.<br>\nDedykowane rozwi\u0105zania dla mikro, ma\u0142ych i \u015brednich przedsi\u0119biorstw.<br>\nProfesjonalna pomoc w przygotowaniu dokumentacji.<br><br>\n\nOferujemy kredyty na r\u00f3\u017cnorodne cele, w tym zakup sprz\u0119tu, rozw\u00f3j infrastruktury, wprowadzenie nowych produkt\u00f3w na rynek czy konsolidacj\u0119 dotychczasowych zobowi\u0105za\u0144.<\/p>\r\n               <div class=\"row pb-25 pt-15\">\r\n                  <div class=\"col-lg-6\">\r\n                     <ul class=\"about-3-list\">\r\n\t\t\t\t\t \t                        <li>Transparentno\u015b\u0107<\/li>\r\n\t\t\t\t\t\t                     <\/ul>\r\n                  <\/div>\r\n                  <div class=\"col-lg-6\">\r\n                     <ul class=\"about-3-list\">\r\n\t\t\t\t\t \t                        <li>Profesjonalizm<\/li>\r\n\t\t\t\t\t\t                     <\/ul>\r\n                  <\/div>\r\n               <\/div>\r\n\r\n\t\t\t   \r\n\t\t\t   \r\n            <\/div>\r\n         <\/div>\r\n      <\/div>\r\n   <\/div>\r\n<\/section>\r\n <!-- About us area end --> \r\n\r\n\r\n\r\n\r\n\r\n\r\n\r\n\r\n\r\n             \r\n\t\t\t\t\t\t<\/div>\n\t\t\t\t<\/div>\n\t\t\t\t<\/div>\n\t\t\t\t<\/div>\n\t\t","protected":false},"excerpt":{"rendered":"<p>Us\u0142ugi Kredyty Kredyty firmowe Finansowanie Twojego biznesu \u2013 klucz do sukcesu! Kredyty firmowe s\u0105 niezb\u0119dnym wsparciem dla przedsi\u0119biorstw, kt\u00f3re planuj\u0105 rozw\u00f3j, inwestycje lub potrzebuj\u0105 \u015brodk\u00f3w na bie\u017c\u0105c\u0105 dzia\u0142alno\u015b\u0107. Nasza oferta obejmuje zar\u00f3wno kredyty obrotowe, jak i inwestycyjne, dostosowane do indywidualnych potrzeb Twojej firmy. Dlaczego warto wybra\u0107 nasze kredyty firmowe? Atrakcyjne warunki finansowania. Dedykowane rozwi\u0105zania dla [&hellip;]<\/p>\n","protected":false},"author":1,"featured_media":0,"parent":0,"menu_order":0,"comment_status":"closed","ping_status":"closed","template":"","meta":{"inline_featured_image":false,"footnotes":""},"class_list":["post-2852","page","type-page","status-publish","hentry"],"yoast_head":"<!-- This site is optimized with the Yoast SEO plugin v24.2 - https:\/\/yoast.com\/wordpress\/plugins\/seo\/ -->\n<title>Kredyty firmowe - makowskimarcin.com<\/title>\n<meta name=\"robots\" content=\"index, follow, max-snippet:-1, max-image-preview:large, max-video-preview:-1\" \/>\n<link rel=\"canonical\" href=\"https:\/\/makowskimarcin.com\/index.php\/kredyty-firmowe\/\" \/>\n<meta property=\"og:locale\" content=\"pl_PL\" \/>\n<meta property=\"og:type\" content=\"article\" \/>\n<meta property=\"og:title\" content=\"Kredyty firmowe - makowskimarcin.com\" \/>\n<meta property=\"og:description\" content=\"Us\u0142ugi Kredyty Kredyty firmowe Finansowanie Twojego biznesu \u2013 klucz do sukcesu! Kredyty firmowe s\u0105 niezb\u0119dnym wsparciem dla przedsi\u0119biorstw, kt\u00f3re planuj\u0105 rozw\u00f3j, inwestycje lub potrzebuj\u0105 \u015brodk\u00f3w na bie\u017c\u0105c\u0105 dzia\u0142alno\u015b\u0107. Nasza oferta obejmuje zar\u00f3wno kredyty obrotowe, jak i inwestycyjne, dostosowane do indywidualnych potrzeb Twojej firmy. Dlaczego warto wybra\u0107 nasze kredyty firmowe? Atrakcyjne warunki finansowania. Dedykowane rozwi\u0105zania dla [&hellip;]\" \/>\n<meta property=\"og:url\" content=\"https:\/\/makowskimarcin.com\/index.php\/kredyty-firmowe\/\" \/>\n<meta property=\"og:site_name\" content=\"makowskimarcin.com\" \/>\n<meta property=\"article:modified_time\" content=\"2025-01-10T09:27:29+00:00\" \/>\n<meta property=\"og:image\" content=\"https:\/\/makowskimarcin.com\/wp-content\/uploads\/2025\/01\/kredyty-firmowe-wrzesnia1.jpg\" \/>\n<meta name=\"twitter:card\" content=\"summary_large_image\" \/>\n<meta name=\"twitter:label1\" content=\"Szacowany czas czytania\" \/>\n\t<meta name=\"twitter:data1\" content=\"1 minuta\" \/>\n<script type=\"application\/ld+json\" class=\"yoast-schema-graph\">{\"@context\":\"https:\/\/schema.org\",\"@graph\":[{\"@type\":\"WebPage\",\"@id\":\"https:\/\/makowskimarcin.com\/index.php\/kredyty-firmowe\/\",\"url\":\"https:\/\/makowskimarcin.com\/index.php\/kredyty-firmowe\/\",\"name\":\"Kredyty firmowe - makowskimarcin.com\",\"isPartOf\":{\"@id\":\"https:\/\/makowskimarcin.com\/#website\"},\"primaryImageOfPage\":{\"@id\":\"https:\/\/makowskimarcin.com\/index.php\/kredyty-firmowe\/#primaryimage\"},\"image\":{\"@id\":\"https:\/\/makowskimarcin.com\/index.php\/kredyty-firmowe\/#primaryimage\"},\"thumbnailUrl\":\"https:\/\/makowskimarcin.com\/wp-content\/uploads\/2025\/01\/kredyty-firmowe-wrzesnia1.jpg\",\"datePublished\":\"2025-01-10T06:29:44+00:00\",\"dateModified\":\"2025-01-10T09:27:29+00:00\",\"breadcrumb\":{\"@id\":\"https:\/\/makowskimarcin.com\/index.php\/kredyty-firmowe\/#breadcrumb\"},\"inLanguage\":\"pl-PL\",\"potentialAction\":[{\"@type\":\"ReadAction\",\"target\":[\"https:\/\/makowskimarcin.com\/index.php\/kredyty-firmowe\/\"]}]},{\"@type\":\"ImageObject\",\"inLanguage\":\"pl-PL\",\"@id\":\"https:\/\/makowskimarcin.com\/index.php\/kredyty-firmowe\/#primaryimage\",\"url\":\"https:\/\/makowskimarcin.com\/wp-content\/uploads\/2025\/01\/kredyty-firmowe-wrzesnia1.jpg\",\"contentUrl\":\"https:\/\/makowskimarcin.com\/wp-content\/uploads\/2025\/01\/kredyty-firmowe-wrzesnia1.jpg\",\"width\":400,\"height\":537},{\"@type\":\"BreadcrumbList\",\"@id\":\"https:\/\/makowskimarcin.com\/index.php\/kredyty-firmowe\/#breadcrumb\",\"itemListElement\":[{\"@type\":\"ListItem\",\"position\":1,\"name\":\"Strona g\u0142\u00f3wna\",\"item\":\"https:\/\/makowskimarcin.com\/\"},{\"@type\":\"ListItem\",\"position\":2,\"name\":\"Kredyty firmowe\"}]},{\"@type\":\"WebSite\",\"@id\":\"https:\/\/makowskimarcin.com\/#website\",\"url\":\"https:\/\/makowskimarcin.com\/\",\"name\":\"makowskimarcin.com\",\"description\":\"Doradztwo finansowe\",\"potentialAction\":[{\"@type\":\"SearchAction\",\"target\":{\"@type\":\"EntryPoint\",\"urlTemplate\":\"https:\/\/makowskimarcin.com\/?s={search_term_string}\"},\"query-input\":{\"@type\":\"PropertyValueSpecification\",\"valueRequired\":true,\"valueName\":\"search_term_string\"}}],\"inLanguage\":\"pl-PL\"}]}<\/script>\n<!-- \/ Yoast SEO plugin. -->","yoast_head_json":{"title":"Kredyty firmowe - makowskimarcin.com","robots":{"index":"index","follow":"follow","max-snippet":"max-snippet:-1","max-image-preview":"max-image-preview:large","max-video-preview":"max-video-preview:-1"},"canonical":"https:\/\/makowskimarcin.com\/index.php\/kredyty-firmowe\/","og_locale":"pl_PL","og_type":"article","og_title":"Kredyty firmowe - makowskimarcin.com","og_description":"Us\u0142ugi Kredyty Kredyty firmowe Finansowanie Twojego biznesu \u2013 klucz do sukcesu! Kredyty firmowe s\u0105 niezb\u0119dnym wsparciem dla przedsi\u0119biorstw, kt\u00f3re planuj\u0105 rozw\u00f3j, inwestycje lub potrzebuj\u0105 \u015brodk\u00f3w na bie\u017c\u0105c\u0105 dzia\u0142alno\u015b\u0107. Nasza oferta obejmuje zar\u00f3wno kredyty obrotowe, jak i inwestycyjne, dostosowane do indywidualnych potrzeb Twojej firmy. Dlaczego warto wybra\u0107 nasze kredyty firmowe? Atrakcyjne warunki finansowania. Dedykowane rozwi\u0105zania dla [&hellip;]","og_url":"https:\/\/makowskimarcin.com\/index.php\/kredyty-firmowe\/","og_site_name":"makowskimarcin.com","article_modified_time":"2025-01-10T09:27:29+00:00","og_image":[{"url":"https:\/\/makowskimarcin.com\/wp-content\/uploads\/2025\/01\/kredyty-firmowe-wrzesnia1.jpg","type":"","width":"","height":""}],"twitter_card":"summary_large_image","twitter_misc":{"Szacowany czas czytania":"1 minuta"},"schema":{"@context":"https:\/\/schema.org","@graph":[{"@type":"WebPage","@id":"https:\/\/makowskimarcin.com\/index.php\/kredyty-firmowe\/","url":"https:\/\/makowskimarcin.com\/index.php\/kredyty-firmowe\/","name":"Kredyty firmowe - makowskimarcin.com","isPartOf":{"@id":"https:\/\/makowskimarcin.com\/#website"},"primaryImageOfPage":{"@id":"https:\/\/makowskimarcin.com\/index.php\/kredyty-firmowe\/#primaryimage"},"image":{"@id":"https:\/\/makowskimarcin.com\/index.php\/kredyty-firmowe\/#primaryimage"},"thumbnailUrl":"https:\/\/makowskimarcin.com\/wp-content\/uploads\/2025\/01\/kredyty-firmowe-wrzesnia1.jpg","datePublished":"2025-01-10T06:29:44+00:00","dateModified":"2025-01-10T09:27:29+00:00","breadcrumb":{"@id":"https:\/\/makowskimarcin.com\/index.php\/kredyty-firmowe\/#breadcrumb"},"inLanguage":"pl-PL","potentialAction":[{"@type":"ReadAction","target":["https:\/\/makowskimarcin.com\/index.php\/kredyty-firmowe\/"]}]},{"@type":"ImageObject","inLanguage":"pl-PL","@id":"https:\/\/makowskimarcin.com\/index.php\/kredyty-firmowe\/#primaryimage","url":"https:\/\/makowskimarcin.com\/wp-content\/uploads\/2025\/01\/kredyty-firmowe-wrzesnia1.jpg","contentUrl":"https:\/\/makowskimarcin.com\/wp-content\/uploads\/2025\/01\/kredyty-firmowe-wrzesnia1.jpg","width":400,"height":537},{"@type":"BreadcrumbList","@id":"https:\/\/makowskimarcin.com\/index.php\/kredyty-firmowe\/#breadcrumb","itemListElement":[{"@type":"ListItem","position":1,"name":"Strona g\u0142\u00f3wna","item":"https:\/\/makowskimarcin.com\/"},{"@type":"ListItem","position":2,"name":"Kredyty firmowe"}]},{"@type":"WebSite","@id":"https:\/\/makowskimarcin.com\/#website","url":"https:\/\/makowskimarcin.com\/","name":"makowskimarcin.com","description":"Doradztwo finansowe","potentialAction":[{"@type":"SearchAction","target":{"@type":"EntryPoint","urlTemplate":"https:\/\/makowskimarcin.com\/?s={search_term_string}"},"query-input":{"@type":"PropertyValueSpecification","valueRequired":true,"valueName":"search_term_string"}}],"inLanguage":"pl-PL"}]}},"_links":{"self":[{"href":"https:\/\/makowskimarcin.com\/index.php\/wp-json\/wp\/v2\/pages\/2852","targetHints":{"allow":["GET"]}}],"collection":[{"href":"https:\/\/makowskimarcin.com\/index.php\/wp-json\/wp\/v2\/pages"}],"about":[{"href":"https:\/\/makowskimarcin.com\/index.php\/wp-json\/wp\/v2\/types\/page"}],"author":[{"embeddable":true,"href":"https:\/\/makowskimarcin.com\/index.php\/wp-json\/wp\/v2\/users\/1"}],"replies":[{"embeddable":true,"href":"https:\/\/makowskimarcin.com\/index.php\/wp-json\/wp\/v2\/comments?post=2852"}],"version-history":[{"count":8,"href":"https:\/\/makowskimarcin.com\/index.php\/wp-json\/wp\/v2\/pages\/2852\/revisions"}],"predecessor-version":[{"id":2932,"href":"https:\/\/makowskimarcin.com\/index.php\/wp-json\/wp\/v2\/pages\/2852\/revisions\/2932"}],"wp:attachment":[{"href":"https:\/\/makowskimarcin.com\/index.php\/wp-json\/wp\/v2\/media?parent=2852"}],"curies":[{"name":"wp","href":"https:\/\/api.w.org\/{rel}","templated":true}]}}