{"id":2508,"date":"2024-03-11T19:58:58","date_gmt":"2024-03-11T18:58:58","guid":{"rendered":"https:\/\/makowskimarcin.com\/?page_id=2508"},"modified":"2025-01-10T10:24:20","modified_gmt":"2025-01-10T09:24:20","slug":"uslugi-prawne","status":"publish","type":"page","link":"https:\/\/makowskimarcin.com\/index.php\/uslugi-prawne\/","title":{"rendered":"Us\u0142ugi prawne"},"content":{"rendered":"\t\t<div data-elementor-type=\"wp-page\" data-elementor-id=\"2508\" class=\"elementor elementor-2508\">\n\t\t\t\t<div class=\"elementor-element elementor-element-b0f6346 e-con-full e-flex e-con e-parent\" data-id=\"b0f6346\" data-element_type=\"container\">\n\t\t\t\t<div class=\"elementor-element elementor-element-f0243e8 elementor-widget elementor-widget-about_progress_bar\" data-id=\"f0243e8\" data-element_type=\"widget\" data-widget_type=\"about_progress_bar.default\">\n\t\t\t\t<div class=\"elementor-widget-container\">\n\t\t\t\t\t\r\n\r\n\t <script>\r\n jQuery(document).ready(function($) {\r\n\r\n\/\/write js code under this line \r\n\r\n\r\n\r\n\/\/write code above the line \r\n\r\n  });\r\n<\/script>\r\n\r\n <!-- About us area start --> \r\n <section class=\"about-three-section section-space-top p-relative\">\r\n   <div class=\"bg-shape\" data-background=\"\"><\/div>\r\n   <div class=\"small-container\">\r\n      <div class=\"row\">\r\n         <div class=\"col-xxl-6 col-xl-6 col-lg-6\">\r\n            <div class=\"about-3-image-area p-relative\">\r\n               <div class=\"shape-1\" data-background=\"\"><\/div>\r\n               <figure class=\"image w-img pr-60\">\r\n\t\t\t      \r\n\t\t\t\t\t<img decoding=\"async\" src=\"https:\/\/makowskimarcin.com\/wp-content\/uploads\/2024\/03\/m-prawne.jpg\" alt=\"\"\/>\r\n\t\t\t\t               <\/figure>\r\n            <\/div>\r\n         <\/div>\r\n         <div class=\"col-xxl-6 col-xl-6 col-lg-6\">\r\n            <div class=\"about-3-content-area p-relative pr-30 pt-20\">\r\n               <div class=\"title-box wow fadeInLeft mb-25\" data-wow-delay=\".5s\">\r\n                  <span class=\"section-sub-title no-border\">Us\u0142ugi<\/span>\r\n                  <h3 class=\"section-title mt-10\">Us\u0142ugi prawne<\/h3>\r\n               <\/div>\r\n               <p>Profesjonalna pomoc prawna dla klient\u00f3w indywidualnych i firm.<br><br>\nNasze us\u0142ugi prawne obejmuj\u0105 kompleksowe doradztwo w wielu dziedzinach prawa, takich jak prawo cywilne, gospodarcze, rodzinne czy pracy. Zesp\u00f3\u0142 do\u015bwiadczonych prawnik\u00f3w zapewnia wsparcie na ka\u017cdym etapie \u2013 od analizy sprawy, poprzez reprezentacj\u0119 w s\u0105dach, a\u017c po negocjacje i przygotowanie dokumentacji.<br><br>\n\n<b>Oferujemy:<\/b><br>\nSporz\u0105dzanie um\u00f3w i opinii prawnych.<br>\nMediacje i negocjacje.<br>\nReprezentacj\u0119 w post\u0119powaniach s\u0105dowych.<br><br>\n\nDzi\u0119ki indywidualnemu podej\u015bciu do ka\u017cdego klienta gwarantujemy najwy\u017cszy poziom obs\u0142ugi i skuteczno\u015b\u0107 dzia\u0142ania.<\/p>\r\n               <div class=\"row pb-25 pt-15\">\r\n                  <div class=\"col-lg-6\">\r\n                     <ul class=\"about-3-list\">\r\n\t\t\t\t\t \t                        <li>Indywidualne podej\u015bcie<\/li>\r\n\t\t\t\t\t\t                        <li>Transparentno\u015b\u0107<\/li>\r\n\t\t\t\t\t\t                     <\/ul>\r\n                  <\/div>\r\n                  <div class=\"col-lg-6\">\r\n                     <ul class=\"about-3-list\">\r\n\t\t\t\t\t \t                        <li>Szybka decyzja<\/li>\r\n\t\t\t\t\t\t                        <li>Profesjonalizm<\/li>\r\n\t\t\t\t\t\t                     <\/ul>\r\n                  <\/div>\r\n               <\/div>\r\n\r\n\t\t\t   \r\n\t\t\t                  <a class=\"primary-btn-1 btn-hover mt-50\" href=\"\/index.php\/kontakt\/\">\r\n\t\t\t   Kontakt &nbsp; | <i class=\"icon-right-arrow\"><\/i>\r\n                  <span style=\"top: 147.172px; left: 108.5px;\"><\/span>\r\n               <\/a>\r\n\t\t\t   \r\n            <\/div>\r\n         <\/div>\r\n      <\/div>\r\n   <\/div>\r\n<\/section>\r\n <!-- About us area end --> \r\n\r\n\r\n\r\n\r\n\r\n\r\n\r\n\r\n\r\n             \r\n\t\t\t\t\t\t<\/div>\n\t\t\t\t<\/div>\n\t\t\t\t<\/div>\n\t\t\t\t<\/div>\n\t\t","protected":false},"excerpt":{"rendered":"<p>Us\u0142ugi Us\u0142ugi prawne Profesjonalna pomoc prawna dla klient\u00f3w indywidualnych i firm. Nasze us\u0142ugi prawne obejmuj\u0105 kompleksowe doradztwo w wielu dziedzinach prawa, takich jak prawo cywilne, gospodarcze, rodzinne czy pracy. Zesp\u00f3\u0142 do\u015bwiadczonych prawnik\u00f3w zapewnia wsparcie na ka\u017cdym etapie \u2013 od analizy sprawy, poprzez reprezentacj\u0119 w s\u0105dach, a\u017c po negocjacje i przygotowanie dokumentacji. Oferujemy: Sporz\u0105dzanie um\u00f3w i [&hellip;]<\/p>\n","protected":false},"author":1,"featured_media":0,"parent":0,"menu_order":0,"comment_status":"closed","ping_status":"closed","template":"","meta":{"inline_featured_image":false,"footnotes":""},"class_list":["post-2508","page","type-page","status-publish","hentry"],"yoast_head":"<!-- This site is optimized with the Yoast SEO plugin v24.2 - https:\/\/yoast.com\/wordpress\/plugins\/seo\/ -->\n<title>Us\u0142ugi prawne - makowskimarcin.com<\/title>\n<meta name=\"robots\" content=\"index, follow, max-snippet:-1, max-image-preview:large, max-video-preview:-1\" \/>\n<link rel=\"canonical\" href=\"https:\/\/makowskimarcin.com\/index.php\/uslugi-prawne\/\" \/>\n<meta property=\"og:locale\" content=\"pl_PL\" \/>\n<meta property=\"og:type\" content=\"article\" \/>\n<meta property=\"og:title\" content=\"Us\u0142ugi prawne - makowskimarcin.com\" \/>\n<meta property=\"og:description\" content=\"Us\u0142ugi Us\u0142ugi prawne Profesjonalna pomoc prawna dla klient\u00f3w indywidualnych i firm. Nasze us\u0142ugi prawne obejmuj\u0105 kompleksowe doradztwo w wielu dziedzinach prawa, takich jak prawo cywilne, gospodarcze, rodzinne czy pracy. Zesp\u00f3\u0142 do\u015bwiadczonych prawnik\u00f3w zapewnia wsparcie na ka\u017cdym etapie \u2013 od analizy sprawy, poprzez reprezentacj\u0119 w s\u0105dach, a\u017c po negocjacje i przygotowanie dokumentacji. Oferujemy: Sporz\u0105dzanie um\u00f3w i [&hellip;]\" \/>\n<meta property=\"og:url\" content=\"https:\/\/makowskimarcin.com\/index.php\/uslugi-prawne\/\" \/>\n<meta property=\"og:site_name\" content=\"makowskimarcin.com\" \/>\n<meta property=\"article:modified_time\" content=\"2025-01-10T09:24:20+00:00\" \/>\n<meta property=\"og:image\" content=\"https:\/\/makowskimarcin.com\/wp-content\/uploads\/2024\/03\/m-prawne.jpg\" \/>\n<meta name=\"twitter:card\" content=\"summary_large_image\" \/>\n<meta name=\"twitter:label1\" content=\"Szacowany czas czytania\" \/>\n\t<meta name=\"twitter:data1\" content=\"1 minuta\" \/>\n<script type=\"application\/ld+json\" class=\"yoast-schema-graph\">{\"@context\":\"https:\/\/schema.org\",\"@graph\":[{\"@type\":\"WebPage\",\"@id\":\"https:\/\/makowskimarcin.com\/index.php\/uslugi-prawne\/\",\"url\":\"https:\/\/makowskimarcin.com\/index.php\/uslugi-prawne\/\",\"name\":\"Us\u0142ugi prawne - makowskimarcin.com\",\"isPartOf\":{\"@id\":\"https:\/\/makowskimarcin.com\/#website\"},\"primaryImageOfPage\":{\"@id\":\"https:\/\/makowskimarcin.com\/index.php\/uslugi-prawne\/#primaryimage\"},\"image\":{\"@id\":\"https:\/\/makowskimarcin.com\/index.php\/uslugi-prawne\/#primaryimage\"},\"thumbnailUrl\":\"https:\/\/makowskimarcin.com\/wp-content\/uploads\/2024\/03\/m-prawne.jpg\",\"datePublished\":\"2024-03-11T18:58:58+00:00\",\"dateModified\":\"2025-01-10T09:24:20+00:00\",\"breadcrumb\":{\"@id\":\"https:\/\/makowskimarcin.com\/index.php\/uslugi-prawne\/#breadcrumb\"},\"inLanguage\":\"pl-PL\",\"potentialAction\":[{\"@type\":\"ReadAction\",\"target\":[\"https:\/\/makowskimarcin.com\/index.php\/uslugi-prawne\/\"]}]},{\"@type\":\"ImageObject\",\"inLanguage\":\"pl-PL\",\"@id\":\"https:\/\/makowskimarcin.com\/index.php\/uslugi-prawne\/#primaryimage\",\"url\":\"https:\/\/makowskimarcin.com\/wp-content\/uploads\/2024\/03\/m-prawne.jpg\",\"contentUrl\":\"https:\/\/makowskimarcin.com\/wp-content\/uploads\/2024\/03\/m-prawne.jpg\",\"width\":510,\"height\":560},{\"@type\":\"BreadcrumbList\",\"@id\":\"https:\/\/makowskimarcin.com\/index.php\/uslugi-prawne\/#breadcrumb\",\"itemListElement\":[{\"@type\":\"ListItem\",\"position\":1,\"name\":\"Strona g\u0142\u00f3wna\",\"item\":\"https:\/\/makowskimarcin.com\/\"},{\"@type\":\"ListItem\",\"position\":2,\"name\":\"Us\u0142ugi prawne\"}]},{\"@type\":\"WebSite\",\"@id\":\"https:\/\/makowskimarcin.com\/#website\",\"url\":\"https:\/\/makowskimarcin.com\/\",\"name\":\"makowskimarcin.com\",\"description\":\"Doradztwo finansowe\",\"potentialAction\":[{\"@type\":\"SearchAction\",\"target\":{\"@type\":\"EntryPoint\",\"urlTemplate\":\"https:\/\/makowskimarcin.com\/?s={search_term_string}\"},\"query-input\":{\"@type\":\"PropertyValueSpecification\",\"valueRequired\":true,\"valueName\":\"search_term_string\"}}],\"inLanguage\":\"pl-PL\"}]}<\/script>\n<!-- \/ Yoast SEO plugin. -->","yoast_head_json":{"title":"Us\u0142ugi prawne - makowskimarcin.com","robots":{"index":"index","follow":"follow","max-snippet":"max-snippet:-1","max-image-preview":"max-image-preview:large","max-video-preview":"max-video-preview:-1"},"canonical":"https:\/\/makowskimarcin.com\/index.php\/uslugi-prawne\/","og_locale":"pl_PL","og_type":"article","og_title":"Us\u0142ugi prawne - makowskimarcin.com","og_description":"Us\u0142ugi Us\u0142ugi prawne Profesjonalna pomoc prawna dla klient\u00f3w indywidualnych i firm. Nasze us\u0142ugi prawne obejmuj\u0105 kompleksowe doradztwo w wielu dziedzinach prawa, takich jak prawo cywilne, gospodarcze, rodzinne czy pracy. Zesp\u00f3\u0142 do\u015bwiadczonych prawnik\u00f3w zapewnia wsparcie na ka\u017cdym etapie \u2013 od analizy sprawy, poprzez reprezentacj\u0119 w s\u0105dach, a\u017c po negocjacje i przygotowanie dokumentacji. Oferujemy: Sporz\u0105dzanie um\u00f3w i [&hellip;]","og_url":"https:\/\/makowskimarcin.com\/index.php\/uslugi-prawne\/","og_site_name":"makowskimarcin.com","article_modified_time":"2025-01-10T09:24:20+00:00","og_image":[{"url":"https:\/\/makowskimarcin.com\/wp-content\/uploads\/2024\/03\/m-prawne.jpg","type":"","width":"","height":""}],"twitter_card":"summary_large_image","twitter_misc":{"Szacowany czas czytania":"1 minuta"},"schema":{"@context":"https:\/\/schema.org","@graph":[{"@type":"WebPage","@id":"https:\/\/makowskimarcin.com\/index.php\/uslugi-prawne\/","url":"https:\/\/makowskimarcin.com\/index.php\/uslugi-prawne\/","name":"Us\u0142ugi prawne - makowskimarcin.com","isPartOf":{"@id":"https:\/\/makowskimarcin.com\/#website"},"primaryImageOfPage":{"@id":"https:\/\/makowskimarcin.com\/index.php\/uslugi-prawne\/#primaryimage"},"image":{"@id":"https:\/\/makowskimarcin.com\/index.php\/uslugi-prawne\/#primaryimage"},"thumbnailUrl":"https:\/\/makowskimarcin.com\/wp-content\/uploads\/2024\/03\/m-prawne.jpg","datePublished":"2024-03-11T18:58:58+00:00","dateModified":"2025-01-10T09:24:20+00:00","breadcrumb":{"@id":"https:\/\/makowskimarcin.com\/index.php\/uslugi-prawne\/#breadcrumb"},"inLanguage":"pl-PL","potentialAction":[{"@type":"ReadAction","target":["https:\/\/makowskimarcin.com\/index.php\/uslugi-prawne\/"]}]},{"@type":"ImageObject","inLanguage":"pl-PL","@id":"https:\/\/makowskimarcin.com\/index.php\/uslugi-prawne\/#primaryimage","url":"https:\/\/makowskimarcin.com\/wp-content\/uploads\/2024\/03\/m-prawne.jpg","contentUrl":"https:\/\/makowskimarcin.com\/wp-content\/uploads\/2024\/03\/m-prawne.jpg","width":510,"height":560},{"@type":"BreadcrumbList","@id":"https:\/\/makowskimarcin.com\/index.php\/uslugi-prawne\/#breadcrumb","itemListElement":[{"@type":"ListItem","position":1,"name":"Strona g\u0142\u00f3wna","item":"https:\/\/makowskimarcin.com\/"},{"@type":"ListItem","position":2,"name":"Us\u0142ugi prawne"}]},{"@type":"WebSite","@id":"https:\/\/makowskimarcin.com\/#website","url":"https:\/\/makowskimarcin.com\/","name":"makowskimarcin.com","description":"Doradztwo finansowe","potentialAction":[{"@type":"SearchAction","target":{"@type":"EntryPoint","urlTemplate":"https:\/\/makowskimarcin.com\/?s={search_term_string}"},"query-input":{"@type":"PropertyValueSpecification","valueRequired":true,"valueName":"search_term_string"}}],"inLanguage":"pl-PL"}]}},"_links":{"self":[{"href":"https:\/\/makowskimarcin.com\/index.php\/wp-json\/wp\/v2\/pages\/2508","targetHints":{"allow":["GET"]}}],"collection":[{"href":"https:\/\/makowskimarcin.com\/index.php\/wp-json\/wp\/v2\/pages"}],"about":[{"href":"https:\/\/makowskimarcin.com\/index.php\/wp-json\/wp\/v2\/types\/page"}],"author":[{"embeddable":true,"href":"https:\/\/makowskimarcin.com\/index.php\/wp-json\/wp\/v2\/users\/1"}],"replies":[{"embeddable":true,"href":"https:\/\/makowskimarcin.com\/index.php\/wp-json\/wp\/v2\/comments?post=2508"}],"version-history":[{"count":21,"href":"https:\/\/makowskimarcin.com\/index.php\/wp-json\/wp\/v2\/pages\/2508\/revisions"}],"predecessor-version":[{"id":2927,"href":"https:\/\/makowskimarcin.com\/index.php\/wp-json\/wp\/v2\/pages\/2508\/revisions\/2927"}],"wp:attachment":[{"href":"https:\/\/makowskimarcin.com\/index.php\/wp-json\/wp\/v2\/media?parent=2508"}],"curies":[{"name":"wp","href":"https:\/\/api.w.org\/{rel}","templated":true}]}}