{"id":2501,"date":"2024-03-11T19:56:43","date_gmt":"2024-03-11T18:56:43","guid":{"rendered":"https:\/\/makowskimarcin.com\/?page_id=2501"},"modified":"2025-01-10T10:36:03","modified_gmt":"2025-01-10T09:36:03","slug":"ubezpieczenia","status":"publish","type":"page","link":"https:\/\/makowskimarcin.com\/index.php\/ubezpieczenia\/","title":{"rendered":"Ubezpieczenia"},"content":{"rendered":"\t\t<div data-elementor-type=\"wp-page\" data-elementor-id=\"2501\" class=\"elementor elementor-2501\">\n\t\t\t\t<div class=\"elementor-element elementor-element-0046835 e-con-full e-flex e-con e-parent\" data-id=\"0046835\" data-element_type=\"container\">\n\t\t\t\t<div class=\"elementor-element elementor-element-47b8d2a elementor-widget elementor-widget-about_progress_bar\" data-id=\"47b8d2a\" data-element_type=\"widget\" data-widget_type=\"about_progress_bar.default\">\n\t\t\t\t<div class=\"elementor-widget-container\">\n\t\t\t\t\t\r\n\r\n\t <script>\r\n jQuery(document).ready(function($) {\r\n\r\n\/\/write js code under this line \r\n\r\n\r\n\r\n\/\/write code above the line \r\n\r\n  });\r\n<\/script>\r\n\r\n <!-- About us area start --> \r\n <section class=\"about-three-section section-space-top p-relative\">\r\n   <div class=\"bg-shape\" data-background=\"\"><\/div>\r\n   <div class=\"small-container\">\r\n      <div class=\"row\">\r\n         <div class=\"col-xxl-6 col-xl-6 col-lg-6\">\r\n            <div class=\"about-3-image-area p-relative\">\r\n               <div class=\"shape-1\" data-background=\"\"><\/div>\r\n               <figure class=\"image w-img pr-60\">\r\n\t\t\t      \r\n\t\t\t\t\t<img decoding=\"async\" src=\"https:\/\/makowskimarcin.com\/wp-content\/uploads\/2024\/03\/m-ubezpieczenia.jpg\" alt=\"\"\/>\r\n\t\t\t\t               <\/figure>\r\n            <\/div>\r\n         <\/div>\r\n         <div class=\"col-xxl-6 col-xl-6 col-lg-6\">\r\n            <div class=\"about-3-content-area p-relative pr-30 pt-20\">\r\n               <div class=\"title-box wow fadeInLeft mb-25\" data-wow-delay=\".5s\">\r\n                  <span class=\"section-sub-title no-border\">Us\u0142ugi<\/span>\r\n                  <h3 class=\"section-title mt-10\">Ubezpieczenia<\/h3>\r\n               <\/div>\r\n               <p>Bezpiecze\u0144stwo Twoje i Twojej rodziny w najlepszych r\u0119kach. <br><br>\nNasza oferta ubezpiecze\u0144 obejmuje szeroki zakres produkt\u00f3w \u2013 od ubezpiecze\u0144 na \u017cycie, przez komunikacyjne, maj\u0105tkowe, po polisy zdrowotne i turystyczne. Wsp\u00f3\u0142pracujemy z wiod\u0105cymi towarzystwami ubezpieczeniowymi, co pozwala nam znale\u017a\u0107 rozwi\u0105zania idealnie dopasowane do Twoich potrzeb.<br><br>\n\nOferujemy:<br>\n- Analiz\u0119 potrzeb ubezpieczeniowych.<br>\n- Por\u00f3wnanie ofert i wyb\u00f3r najlepszej polisy.<br>\n- Pomoc w formalno\u015bciach zwi\u0105zanych z ubezpieczeniem.<br><br>\n\nZapewnij sobie i swoim bliskim spok\u00f3j i bezpiecze\u0144stwo. Skontaktuj si\u0119 z nami, aby uzyska\u0107 szczeg\u00f3\u0142owe informacje o naszej ofercie.<\/p>\r\n               <div class=\"row pb-25 pt-15\">\r\n                  <div class=\"col-lg-6\">\r\n                     <ul class=\"about-3-list\">\r\n\t\t\t\t\t \t                        <li>Profesjonalizm i do\u015bwiadczenie<\/li>\r\n\t\t\t\t\t\t                     <\/ul>\r\n                  <\/div>\r\n                  <div class=\"col-lg-6\">\r\n                     <ul class=\"about-3-list\">\r\n\t\t\t\t\t \t                        <li>Wsparcie i doradztwo<\/li>\r\n\t\t\t\t\t\t                     <\/ul>\r\n                  <\/div>\r\n               <\/div>\r\n\r\n\t\t\t   \r\n\t\t\t                  <a class=\"primary-btn-1 btn-hover mt-50\" href=\"\/index.php\/kontakt\/\">\r\n\t\t\t   Kontakt &nbsp; | <i class=\"icon-right-arrow\"><\/i>\r\n                  <span style=\"top: 147.172px; left: 108.5px;\"><\/span>\r\n               <\/a>\r\n\t\t\t   \r\n            <\/div>\r\n         <\/div>\r\n      <\/div>\r\n   <\/div>\r\n<\/section>\r\n <!-- About us area end --> \r\n\r\n\r\n\r\n\r\n\r\n\r\n\r\n\r\n\r\n             \r\n\t\t\t\t\t\t<\/div>\n\t\t\t\t<\/div>\n\t\t\t\t<\/div>\n\t\t\t\t<\/div>\n\t\t","protected":false},"excerpt":{"rendered":"<p>Us\u0142ugi Ubezpieczenia Bezpiecze\u0144stwo Twoje i Twojej rodziny w najlepszych r\u0119kach. Nasza oferta ubezpiecze\u0144 obejmuje szeroki zakres produkt\u00f3w \u2013 od ubezpiecze\u0144 na \u017cycie, przez komunikacyjne, maj\u0105tkowe, po polisy zdrowotne i turystyczne. Wsp\u00f3\u0142pracujemy z wiod\u0105cymi towarzystwami ubezpieczeniowymi, co pozwala nam znale\u017a\u0107 rozwi\u0105zania idealnie dopasowane do Twoich potrzeb. Oferujemy: &#8211; Analiz\u0119 potrzeb ubezpieczeniowych. &#8211; Por\u00f3wnanie ofert i wyb\u00f3r [&hellip;]<\/p>\n","protected":false},"author":1,"featured_media":0,"parent":0,"menu_order":0,"comment_status":"closed","ping_status":"closed","template":"","meta":{"inline_featured_image":false,"footnotes":""},"class_list":["post-2501","page","type-page","status-publish","hentry"],"yoast_head":"<!-- This site is optimized with the Yoast SEO plugin v24.2 - https:\/\/yoast.com\/wordpress\/plugins\/seo\/ -->\n<title>Ubezpieczenia - makowskimarcin.com<\/title>\n<meta name=\"robots\" content=\"index, follow, max-snippet:-1, max-image-preview:large, max-video-preview:-1\" \/>\n<link rel=\"canonical\" href=\"https:\/\/makowskimarcin.com\/index.php\/ubezpieczenia\/\" \/>\n<meta property=\"og:locale\" content=\"pl_PL\" \/>\n<meta property=\"og:type\" content=\"article\" \/>\n<meta property=\"og:title\" content=\"Ubezpieczenia - makowskimarcin.com\" \/>\n<meta property=\"og:description\" content=\"Us\u0142ugi Ubezpieczenia Bezpiecze\u0144stwo Twoje i Twojej rodziny w najlepszych r\u0119kach. Nasza oferta ubezpiecze\u0144 obejmuje szeroki zakres produkt\u00f3w \u2013 od ubezpiecze\u0144 na \u017cycie, przez komunikacyjne, maj\u0105tkowe, po polisy zdrowotne i turystyczne. Wsp\u00f3\u0142pracujemy z wiod\u0105cymi towarzystwami ubezpieczeniowymi, co pozwala nam znale\u017a\u0107 rozwi\u0105zania idealnie dopasowane do Twoich potrzeb. Oferujemy: &#8211; Analiz\u0119 potrzeb ubezpieczeniowych. &#8211; Por\u00f3wnanie ofert i wyb\u00f3r [&hellip;]\" \/>\n<meta property=\"og:url\" content=\"https:\/\/makowskimarcin.com\/index.php\/ubezpieczenia\/\" \/>\n<meta property=\"og:site_name\" content=\"makowskimarcin.com\" \/>\n<meta property=\"article:modified_time\" content=\"2025-01-10T09:36:03+00:00\" \/>\n<meta property=\"og:image\" content=\"https:\/\/makowskimarcin.com\/wp-content\/uploads\/2024\/03\/m-ubezpieczenia.jpg\" \/>\n<meta name=\"twitter:card\" content=\"summary_large_image\" \/>\n<meta name=\"twitter:label1\" content=\"Szacowany czas czytania\" \/>\n\t<meta name=\"twitter:data1\" content=\"1 minuta\" \/>\n<script type=\"application\/ld+json\" class=\"yoast-schema-graph\">{\"@context\":\"https:\/\/schema.org\",\"@graph\":[{\"@type\":\"WebPage\",\"@id\":\"https:\/\/makowskimarcin.com\/index.php\/ubezpieczenia\/\",\"url\":\"https:\/\/makowskimarcin.com\/index.php\/ubezpieczenia\/\",\"name\":\"Ubezpieczenia - makowskimarcin.com\",\"isPartOf\":{\"@id\":\"https:\/\/makowskimarcin.com\/#website\"},\"primaryImageOfPage\":{\"@id\":\"https:\/\/makowskimarcin.com\/index.php\/ubezpieczenia\/#primaryimage\"},\"image\":{\"@id\":\"https:\/\/makowskimarcin.com\/index.php\/ubezpieczenia\/#primaryimage\"},\"thumbnailUrl\":\"https:\/\/makowskimarcin.com\/wp-content\/uploads\/2024\/03\/m-ubezpieczenia.jpg\",\"datePublished\":\"2024-03-11T18:56:43+00:00\",\"dateModified\":\"2025-01-10T09:36:03+00:00\",\"breadcrumb\":{\"@id\":\"https:\/\/makowskimarcin.com\/index.php\/ubezpieczenia\/#breadcrumb\"},\"inLanguage\":\"pl-PL\",\"potentialAction\":[{\"@type\":\"ReadAction\",\"target\":[\"https:\/\/makowskimarcin.com\/index.php\/ubezpieczenia\/\"]}]},{\"@type\":\"ImageObject\",\"inLanguage\":\"pl-PL\",\"@id\":\"https:\/\/makowskimarcin.com\/index.php\/ubezpieczenia\/#primaryimage\",\"url\":\"https:\/\/makowskimarcin.com\/wp-content\/uploads\/2024\/03\/m-ubezpieczenia.jpg\",\"contentUrl\":\"https:\/\/makowskimarcin.com\/wp-content\/uploads\/2024\/03\/m-ubezpieczenia.jpg\",\"width\":510,\"height\":560,\"caption\":\"Ubezpieczenia - wrze\u015bnia\"},{\"@type\":\"BreadcrumbList\",\"@id\":\"https:\/\/makowskimarcin.com\/index.php\/ubezpieczenia\/#breadcrumb\",\"itemListElement\":[{\"@type\":\"ListItem\",\"position\":1,\"name\":\"Strona g\u0142\u00f3wna\",\"item\":\"https:\/\/makowskimarcin.com\/\"},{\"@type\":\"ListItem\",\"position\":2,\"name\":\"Ubezpieczenia\"}]},{\"@type\":\"WebSite\",\"@id\":\"https:\/\/makowskimarcin.com\/#website\",\"url\":\"https:\/\/makowskimarcin.com\/\",\"name\":\"makowskimarcin.com\",\"description\":\"Doradztwo finansowe\",\"potentialAction\":[{\"@type\":\"SearchAction\",\"target\":{\"@type\":\"EntryPoint\",\"urlTemplate\":\"https:\/\/makowskimarcin.com\/?s={search_term_string}\"},\"query-input\":{\"@type\":\"PropertyValueSpecification\",\"valueRequired\":true,\"valueName\":\"search_term_string\"}}],\"inLanguage\":\"pl-PL\"}]}<\/script>\n<!-- \/ Yoast SEO plugin. -->","yoast_head_json":{"title":"Ubezpieczenia - makowskimarcin.com","robots":{"index":"index","follow":"follow","max-snippet":"max-snippet:-1","max-image-preview":"max-image-preview:large","max-video-preview":"max-video-preview:-1"},"canonical":"https:\/\/makowskimarcin.com\/index.php\/ubezpieczenia\/","og_locale":"pl_PL","og_type":"article","og_title":"Ubezpieczenia - makowskimarcin.com","og_description":"Us\u0142ugi Ubezpieczenia Bezpiecze\u0144stwo Twoje i Twojej rodziny w najlepszych r\u0119kach. Nasza oferta ubezpiecze\u0144 obejmuje szeroki zakres produkt\u00f3w \u2013 od ubezpiecze\u0144 na \u017cycie, przez komunikacyjne, maj\u0105tkowe, po polisy zdrowotne i turystyczne. Wsp\u00f3\u0142pracujemy z wiod\u0105cymi towarzystwami ubezpieczeniowymi, co pozwala nam znale\u017a\u0107 rozwi\u0105zania idealnie dopasowane do Twoich potrzeb. Oferujemy: &#8211; Analiz\u0119 potrzeb ubezpieczeniowych. &#8211; Por\u00f3wnanie ofert i wyb\u00f3r [&hellip;]","og_url":"https:\/\/makowskimarcin.com\/index.php\/ubezpieczenia\/","og_site_name":"makowskimarcin.com","article_modified_time":"2025-01-10T09:36:03+00:00","og_image":[{"url":"https:\/\/makowskimarcin.com\/wp-content\/uploads\/2024\/03\/m-ubezpieczenia.jpg","type":"","width":"","height":""}],"twitter_card":"summary_large_image","twitter_misc":{"Szacowany czas czytania":"1 minuta"},"schema":{"@context":"https:\/\/schema.org","@graph":[{"@type":"WebPage","@id":"https:\/\/makowskimarcin.com\/index.php\/ubezpieczenia\/","url":"https:\/\/makowskimarcin.com\/index.php\/ubezpieczenia\/","name":"Ubezpieczenia - makowskimarcin.com","isPartOf":{"@id":"https:\/\/makowskimarcin.com\/#website"},"primaryImageOfPage":{"@id":"https:\/\/makowskimarcin.com\/index.php\/ubezpieczenia\/#primaryimage"},"image":{"@id":"https:\/\/makowskimarcin.com\/index.php\/ubezpieczenia\/#primaryimage"},"thumbnailUrl":"https:\/\/makowskimarcin.com\/wp-content\/uploads\/2024\/03\/m-ubezpieczenia.jpg","datePublished":"2024-03-11T18:56:43+00:00","dateModified":"2025-01-10T09:36:03+00:00","breadcrumb":{"@id":"https:\/\/makowskimarcin.com\/index.php\/ubezpieczenia\/#breadcrumb"},"inLanguage":"pl-PL","potentialAction":[{"@type":"ReadAction","target":["https:\/\/makowskimarcin.com\/index.php\/ubezpieczenia\/"]}]},{"@type":"ImageObject","inLanguage":"pl-PL","@id":"https:\/\/makowskimarcin.com\/index.php\/ubezpieczenia\/#primaryimage","url":"https:\/\/makowskimarcin.com\/wp-content\/uploads\/2024\/03\/m-ubezpieczenia.jpg","contentUrl":"https:\/\/makowskimarcin.com\/wp-content\/uploads\/2024\/03\/m-ubezpieczenia.jpg","width":510,"height":560,"caption":"Ubezpieczenia - wrze\u015bnia"},{"@type":"BreadcrumbList","@id":"https:\/\/makowskimarcin.com\/index.php\/ubezpieczenia\/#breadcrumb","itemListElement":[{"@type":"ListItem","position":1,"name":"Strona g\u0142\u00f3wna","item":"https:\/\/makowskimarcin.com\/"},{"@type":"ListItem","position":2,"name":"Ubezpieczenia"}]},{"@type":"WebSite","@id":"https:\/\/makowskimarcin.com\/#website","url":"https:\/\/makowskimarcin.com\/","name":"makowskimarcin.com","description":"Doradztwo finansowe","potentialAction":[{"@type":"SearchAction","target":{"@type":"EntryPoint","urlTemplate":"https:\/\/makowskimarcin.com\/?s={search_term_string}"},"query-input":{"@type":"PropertyValueSpecification","valueRequired":true,"valueName":"search_term_string"}}],"inLanguage":"pl-PL"}]}},"_links":{"self":[{"href":"https:\/\/makowskimarcin.com\/index.php\/wp-json\/wp\/v2\/pages\/2501","targetHints":{"allow":["GET"]}}],"collection":[{"href":"https:\/\/makowskimarcin.com\/index.php\/wp-json\/wp\/v2\/pages"}],"about":[{"href":"https:\/\/makowskimarcin.com\/index.php\/wp-json\/wp\/v2\/types\/page"}],"author":[{"embeddable":true,"href":"https:\/\/makowskimarcin.com\/index.php\/wp-json\/wp\/v2\/users\/1"}],"replies":[{"embeddable":true,"href":"https:\/\/makowskimarcin.com\/index.php\/wp-json\/wp\/v2\/comments?post=2501"}],"version-history":[{"count":24,"href":"https:\/\/makowskimarcin.com\/index.php\/wp-json\/wp\/v2\/pages\/2501\/revisions"}],"predecessor-version":[{"id":2940,"href":"https:\/\/makowskimarcin.com\/index.php\/wp-json\/wp\/v2\/pages\/2501\/revisions\/2940"}],"wp:attachment":[{"href":"https:\/\/makowskimarcin.com\/index.php\/wp-json\/wp\/v2\/media?parent=2501"}],"curies":[{"name":"wp","href":"https:\/\/api.w.org\/{rel}","templated":true}]}}